the prime factors of p.
37
Let y = 2 + -4. Let w = y - -3. What are the prime factors of 5/(1/(2 - w))?
5
Suppose -2*o + 4*w + 14 = 0, -2*o + 12 = -w - w. Suppose -5 = o*q + 15. What are the prime factors of ((-7)/2)/(q/8)?
7
Let q = -6 - 2. Let y(w) = -w**3 - 9*w**2 - 10*w - 11. Let o be y(q). Suppose -2*x - 1 = -o*r, 2*r + 9 = 4*x + 3. List the prime factors of x.
2
Let x = 0 - -3. Suppose -2*a + 6*i + 28 = x*i, -a + 24 = -4*i. What are the prime factors of a?
2
Let y be ((-2)/(-4))/(4/120). Suppose -3*d = 3*a - y, a = 4*d - d + 1. Suppose 2*h - 6*h = -2*r + a, 4*r + h - 35 = 0. What are the prime factors of r?
2
Let f(k) = 2*k**2 + 9*k. List the prime factors of f(6).
2, 3, 7
Let r = -13 - -15. Suppose 1 - 7 = 3*a, -r*u - a = -44. What are the prime factors of u?
23
Let k be (6/(-5))/((8/(-5))/4). Let o be (-37)/(-7) - (-2)/(-7). What are the prime factors of (k - 2) + o - 3?
3
Let w = -547 + 947. List the prime factors of w.
2, 5
Suppose -100 = -7*p + 5*p. Suppose 6*s - p = s. List the prime factors of s.
2, 5
Suppose 360 - 1064 = -2*o. What are the prime factors of o?
2, 11
Let d(b) = 3*b**2 - 8*b + 5. What are the prime factors of d(4)?
3, 7
Let s(w) = 3*w**2 + 4*w + 2. Let c be s(-3). Let r(o) = 2*o**3 + o**2 + o + 2. Let z be r(-2). Let t = z + c. What are the prime factors of t?
5
Let q(t) = -t**3 - 16*t**2 - 36*t - 18. What are the prime factors of q(-14)?
2, 47
Suppose -11 - 22 = -3*m. Let a = m + -3. List the prime factors of a.
2
Let l(a) = -a**2 + 13*a - 35. List the prime factors of l(8).
5
Suppose 33 = -11*y + 187. List the prime factors of y.
2, 7
Let v(s) = s. Let o be v(-1). Let l = 1 - o. What are the prime factors of l?
2
Let p(o) = -8*o. Let q be p(-1). What are the prime factors of 188/q + 2/(-4)?
23
Let z(a) be the third derivative of a**4/12 - a**3 + 3*a**2. List the prime factors of z(17).
2, 7
Let u(d) be the third derivative of d**6/360 + d**5/30 - d**4/24 - 4*d**2. Let t(x) be the second derivative of u(x). What are the prime factors of t(5)?
2, 7
Let p be (-3)/(-6*(-3)/(-6)). Let t be 2/p - (1 + -1). Suppose -v + 4*z = 4*v - 55, t = v + z. List the prime factors of v.
7
Suppose -4 = 5*q + 11, 0 = -2*h - 4*q + 10. What are the prime factors of h?
11
Suppose 0 = 2*l + 4*h - h - 40, -4*h + 59 = 3*l. Let w = 21 - l. List the prime factors of w.
2
Let b = 2 - -27. What are the prime factors of b?
29
Suppose 12 = -4*o + 28. Suppose -o = -w + 3*a + 5, 2*w = -3*a. Suppose -41 = -2*x + w*t, -x + 71 = 4*x + 3*t. List the prime factors of x.
2
Suppose 20*y - 16*y - 428 = 0. List the prime factors of y.
107
Suppose -5*x - 40 + 175 = 0. What are the prime factors of x?
3
Let b(j) = 1 + 2*j**2 - 2 - 5*j + 0. Let s be b(5). What are the prime factors of (22/(-8))/((-6)/s)?
11
What are the prime factors of (-4)/(-6) + (-657)/(-27)?
5
Suppose -4 = -2*b - 2*i, -4 = -4*b - 5*i + 4. Suppose -16 - 46 = -4*x + b*c, 8 = x + 2*c. What are the prime factors of x?
2, 7
Suppose 0 = 3*t - 0*t + 9. Let n(g) be the first derivative of g**4/4 + g**3 - 3*g**2/2 - 2*g + 12. What are the prime factors of n(t)?
7
Let v(a) = a**3 + 8*a**2 - 11*a + 7. List the prime factors of v(-9).
5
Let f be 1/(((-12)/9)/(-4)). Let l = f - 1. Let g(j) = j**3 + j + 1. What are the prime factors of g(l)?
11
Let o be 8/(1 + -1 + 2). Suppose 3*z - 149 = c, -o*z - 4*c + 3 + 201 = 0. Suppose -z = -4*y - y. What are the prime factors of y?
2, 5
Let t(q) = 3*q**2 + q. Let h be t(1). Suppose -1 - 15 = h*n, 0 = -5*x + 3*n + 57. What are the prime factors of x?
3
Let s be ((-52)/8)/((-2)/12). Let z = s + -22. What are the prime factors of z?
17
Let w(t) = 9*t**2 - 5*t + 2. List the prime factors of w(4).
2, 3, 7
Suppose -v - 3*v + a = -46, 5*v = 2*a + 59. Let y = -7 + v. What are the prime factors of y?
2
Let g(u) = -4*u**3 + 2*u**2 + 2*u - 1. What are the prime factors of g(-2)?
5, 7
Let v = 24 + 7. List the prime factors of v.
31
Let l(h) = 2*h + 5. Let f be l(8). Let t be -7*((-15)/f + -1). Suppose -2*d + k = -d - t, -2*k + 12 = d. List the prime factors of d.
2, 3
List the prime factors of (-6)/(36/(-843))*2.
281
Let k(d) = 86*d + 6. What are the prime factors of k(2)?
2, 89
Suppose 2 = 4*p - 14. Let s(g) = -p + 15 + 0*g - g. List the prime factors of s(8).
3
Let x(a) = a**2 + a + 1. Let c(i) = 5*i**2 + 6*i - 6. Let u(r) = c(r) - 3*x(r). What are the prime factors of u(-4)?
11
Let o be (-13)/2*(-2)/(-1) + 3. Let d = 15 - -3. Let w = o + d. What are the prime factors of w?
2
Let j = 13 - 4. Let m = -5 + 16. Let b = m - j. List the prime factors of b.
2
Suppose 0 = w - 5, 4*w + 35 = 5*u - w. List the prime factors of u/(-2)*(-10 - -6).
2, 3
Let t(p) = 3*p + 4. Let r be t(-6). What are the prime factors of r/(-3) + (-1)/(-3)?
5
Let j(g) = -g + 11. Let s be j(7). Suppose 5*d - 6 - s = 0. List the prime factors of d.
2
Suppose 3*n + 3*n = 162. What are the prime factors of n?
3
Let a(k) = -2*k**3 - 7*k**2 - 6*k. Let n be a(-4). Let t = n - 23. List the prime factors of t.
17
Suppose 7*u - 5*u - 10 = 0. Let m be (4 + 0/(-2))*2. Let y = m - u. What are the prime factors of y?
3
Let j(q) = q**2 + 0*q**2 + 0*q**2 + 2*q. Let l be j(3). Suppose -4*k = k - l. What are the prime factors of k?
3
Let j(d) = 4*d + 9. Let c(u) = -9*u - 19. Let h(k) = 2*c(k) + 5*j(k). List the prime factors of h(5).
17
Let r(a) = a**3 - 1 + 8*a - 6*a**2 + a**2 - 4*a + a. Let m(u) = u**3 - 6*u**2 + 5*u + 4. Let j be m(5). What are the prime factors of r(j)?
3
Let t be (3 - (2 - -3))/2. What are the prime factors of 2/t - (-20 - -4)?
2, 7
Suppose d + 3*d = j + 8, 0 = -d + 3*j + 13. List the prime factors of (7/14)/(d/54).
3
Let j(q) = q**3 + 3*q**2 - 2*q + 4. Let g be j(-3). Let s(k) = -k**3 + 11*k**2 - 10*k + 13. What are the prime factors of s(g)?
13
Suppose 4*k - k = 156. Let q = k + -36. List the prime factors of q.
2
Let p(z) = -z**2 - 7*z + 1. Let u be p(-7). Let d(b) = 2*b**2 + 3*b - 6. Let s be d(4). List the prime factors of u/2*(s + 2).
2, 5
Suppose 2*p - s = 52 + 5, p - 2*s = 36. List the prime factors of p.
2, 13
Let y = 7 - 6. List the prime factors of (2/4)/(y/26).
13
Suppose 2*a = 5*o - 18, -5*a + 0*a - 24 = -2*o. Suppose -5*s + 4*g = -88, -3*s + o*s + 2*g = -20. List the prime factors of s.
2
Let c(n) = -n + 8. Let a be c(6). Suppose -4*p = 3*y - 50, -3*p = -2*p - a. What are the prime factors of y?
2, 7
Let n(k) = 88*k - 1. What are the prime factors of n(1)?
3, 29
Let y(o) = 2*o - 9. Let g be ((1 - 0) + 0)*9. List the prime factors of y(g).
3
Let n(i) = 2*i**3 + 4*i**2 - 2*i - 2. List the prime factors of n(2).
2, 13
Suppose -7*n - d + 15 = -2*n, 5*n - 4*d + 10 = 0. What are the prime factors of n*(-12)/(-32)*44?
3, 11
Let m = -11 - -16. Suppose 3*a - 61 = m*g, -4*a + 0*g + 4*g = -76. List the prime factors of a.
17
Suppose 0 = 3*b - z - 11 - 201, -75 = -b - 4*z. What are the prime factors of b?
71
Let h(j) = j**2 - 9*j + 2. Let d be h(9). Suppose -y + 5*y + 4*n - 36 = 0, -4*n = d*y - 26. Suppose y*w - 54 = 6. List the prime factors of w.
2, 3
Let w = 301 - 167. List the prime factors of w.
2, 67
Suppose 5*r - r = 0. Suppose 45 = 2*b - 5*q, -4*b + 15 = 5*q - r*q. List the prime factors of b.
2, 5
Let g be -2 + (-7)/(-1) + 2. Suppose t = -2*t + 3*j - 12, -3*t - 12 = -2*j. Let r = g + t. List the prime factors of r.
3
Let k = 446 + -34. List the prime factors of k.
2, 103
Let d(g) be the first derivative of -5*g**2/2 - 5*g + 1. What are the prime factors of d(-3)?
2, 5
Suppose 15 = 5*c - 2*c. Let n(a) = -a**3 + 4*a**2 + 6*a. Let u be n(c). Suppose 0 = -2*s + u*s - 24. What are the prime factors of s?
2
Let f = 275 + -132. What are the prime factors of f?
11, 13
Let s = 3 + 25. What are the prime factors of s?
2, 7
Suppose 274 = 3*i + 2*i + h, 0 = -3*i + 5*h + 142. What are the prime factors of i?
2, 3
Let t = 15 - -40. Suppose -t = -5*c + 3*l + 2*l, -l - 22 = -2*c. What are the prime factors of c?
11
Let p(f) = 2*f**2 + 6*f + 6. Suppose 8 = 2*t - 4*s, 7 = -5*s - 13. List the prime factors of p(t).
2, 7
Suppose -v + 3*r - 1 = 8*r, 17 = v - 4*r. What are the prime factors of v?
3
Let r = 65 - 40. Suppose -3 = -4*c + r. List the prime factors of c.
7
Let w = 4 - 3. Let d be 2 + 15 + -2 + w. List the prime factors of d/6 - 4/(-12).
3
Suppose -s + 0*f + 5 = -f, -20 = -s - 2*f. What are the p